 common divisor of 15 and n?
3
Let p = 113 - 123. Let n be 3 - -42 - p/(-2). Let m = -1 - -9. Calculate the highest common factor of m and n.
8
Let x be 1094*6/84*7. Let i = 643 - x. Calculate the greatest common divisor of i and 72.
24
Let k = 12162 - 12156. Calculate the greatest common divisor of k and 5982.
6
Suppose 0 = 17*d - 14*d + 141. Let t = d + 47. Suppose 0 = -4*v + 4*b + 88, t = 5*v - 2*b - 48 - 56. What is the greatest common factor of 140 and v?
20
Suppose 3*l - 2047 = -y - 3*y, 5*y - 4*l = 2551. Calculate the greatest common divisor of 35 and y.
7
Let p be 546/28 - -2*(-3)/(-12). Let c be 224/p - 11 - (-678)/10. Calculate the highest common factor of 34 and c.
34
Let g = -733 + 2263. What is the greatest common factor of g and 234?
18
Suppose -3864 - 888 = -16*k. Calculate the highest common factor of 110 and k.
11
Let o be 4/1 - (4 + -13). Let a be (-1281)/183 - 4/(-5)*765/2. What is the highest common factor of o and a?
13
Suppose -3*m + 5*m + 3*s = 10, 3*m + 2*s = 5. Let v be 928/(-48) + m/(-3). Let q be (v/(-5))/((-3)/(-15)). Calculate the highest common divisor of q and 209.
19
Let q = 634 + -521. Suppose k + 5*a - q = 537, 0 = -3*a + 12. What is the greatest common factor of k and 42?
42
Let i be 7*(51/476)/(1/4). Let m = 10 + -2. Suppose 0 = i*t - m*t + 50. What is the greatest common factor of 5 and t?
5
Let v be 12/(-30)*(-350)/2. Let o = -24 + v. Suppose 0 = 17*a - 2366 + 411. Calculate the greatest common factor of a and o.
23
Let i be ((-95868)/(-72) - (2 + -10)) + (-21)/(-6). What is the highest common factor of i and 629?
17
Let a(o) = -9*o**2 - 5*o - 1. Let h be a(-2). Let q be 25/(-15)*h/15. Suppose q*p = 4*p - 2. What is the highest common divisor of p and 3?
1
Suppose 6725 = 14*z - 11447. Calculate the highest common factor of z and 88.
22
Let r be (-292)/(-24) - (-1)/(-6). Suppose 2*t - 5*t + r = 0. Suppose -4 = b, -62 + 0 = -3*y - t*b. What is the greatest common factor of y and 26?
26
Suppose 1372 - 4172 = -14*q. Suppose -4*n = -5*f - 220, 2*f - 93 + 85 = 0. Calculate the greatest common divisor of n and q.
20
Let q = 333 - 137. Suppose 2*h + 4*s - 140 = 0, -2*s = -2*h + q - 56. What is the greatest common factor of 56 and h?
14
Let b = 32 - 27. Let w be 6/(b/5*1). Let j be 2/5 - ((-518)/5 + 8). Calculate the greatest common divisor of w and j.
6
Let q be (-3)/((-18)/56)*(-1 - -19). Let c be 5/(-2*(-30)/q). What is the highest common factor of c and 2?
2
Let y(g) = 2*g**3 + 2*g**2 + g + 228. Let z be y(0). Suppose 0 = -5*a - 4*j + z, 0 = 4*a - 3*j - 2*j - 207. What is the highest common factor of a and 96?
48
Let a(z) = -z**3 + 20*z**2 - 19*z + 45. Let i be a(19). Calculate the greatest common factor of i and 1215.
45
Suppose -62 = -5*f + 23. Suppose -384 = -8*d + 4567 + 897. Calculate the greatest common divisor of d and f.
17
Suppose 4*c = 5*y - 3*y - 124, 0 = c. Let i = -103 - -105. Let u be 151 + (i - 8/(-4)). Calculate the greatest common factor of u and y.
31
Let b be (-4)/8*84/(-1). Let c be ((-5)/(-20))/((-6)/72) - -843. Suppose 0 = -22*m + 14*m + c. What is the highest common factor of b and m?
21
Suppose 271393 = 10*g + 85003. What is the greatest common divisor of g and 109?
109
Let a = -1687 - -10960. What is the highest common factor of a and 33?
33
Let u be ((-455832)/208)/((-6)/172). What is the highest common divisor of 129 and u?
129
Suppose 52 = 4*r + 111*l - 107*l, 2*r + 4 = 4*l. Suppose -642 = -4*i + i - 3*q, -438 = -2*i + 3*q. What is the greatest common factor of i and r?
8
Let x(k) = -80*k + 643. Let v be x(8). What is the highest common divisor of 411 and v?
3
Suppose 26*l - 5190 = 6302. What is the greatest common divisor of l and 374?
34
Let q = 3208 + -3046. What is the highest common factor of 22 and q?
2
Let l(x) = 80*x**2 - 8*x + 9. Let a be l(3). Let q be (-6)/54 + a/27. Let i be (-120)/18*(-78)/8. What is the greatest common divisor of i and q?
13
Let z be 3/15 - 27/(-15). Let g(u) = -3*u - u - z*u + 4*u - 20. Let h be g(-16). What is the highest common divisor of h and 12?
12
Let m(k) = -5*k**3 - 8*k**2 + 19*k + 245. Let g be m(-7). What is the greatest common divisor of 20 and g?
5
Let i be (-3 - 0) + (-1694)/2. Suppose 5*l - y + 3*y = -41, 5*l + y + 38 = 0. Let j be i/(-35) - (-2)/l. What is the highest common divisor of 6 and j?
6
Let l be (28/16)/((-1)/(-4) - 0). Suppose -l*n = -3*n - 172. Let k = n + -29. What is the highest common factor of 7 and k?
7
Let v = -49 - -53. Suppose 3*m - 1376 = -5*d + 1363, -d - v*m = -558. Calculate the highest common divisor of 42 and d.
42
Let l = 25006 + -22669. Calculate the highest common divisor of 114 and l.
57
Let a be 12 + (0 - 1) - -2. Let m be (-25 + 8379/19)/1. What is the highest common factor of a and m?
13
Let m = -240 + 254. Suppose -1 = -3*a - 5*p, -8 = -2*a - 2*a - 5*p. Suppose -k = -3*k + 3*o + a, -o - 3 = -k. What is the greatest common factor of m and k?
2
Suppose 0 = u - 2*r - 426, r + 33 = -2*u + 900. Suppose -24*x + u + 1152 = 0. Calculate the highest common divisor of 2 and x.
2
Suppose 77379*c - 77389*c + 110 = 0. Calculate the greatest common factor of c and 3707.
11
Let a(q) = -2*q**3 + 2*q**2 - 44*q - 225. Let l be a(-7). Calculate the highest common divisor of 153 and l.
51
Let p be 14/(-12) - (-6552)/432. Calculate the highest common factor of 4452 and p.
14
Let w = -4514 + 4787. What is the greatest common divisor of 77 and w?
7
Suppose 0 = 15*z + 16226 - 4481. Let w = -759 - z. Calculate the greatest common divisor of 888 and w.
24
Let a = -23510 - -23809. What is the greatest common factor of 559 and a?
13
Let f(n) = -6*n**2 - 7*n - 9. Let x be f(6). Let d = -265 - x. What is the greatest common divisor of 2 and d?
2
Let p be ((-10)/80*26)/(5/(-1220)). What is the highest common factor of 122 and p?
61
Suppose 5*p = 2*c + 10, -p + 7 = 2*c - 7. Let l be (-42)/70*c*1. Let f be l/4 + (-4662)/(-72). Calculate the highest common factor of 16 and f.
16
Suppose -824 = 2*v + 2*v + o, 0 = -4*o + 16. Let l = 247 + v. Calculate the greatest common divisor of l and 16.
8
Suppose 38*f - 2326 - 1661 = -757. Calculate the highest common factor of f and 535.
5
Let w be (1 - 0)*15*8. Suppose 2*o - 112 + 106 = 0. Let x be (3 + o)/((-66)/(-15) + -4). Calculate the greatest common factor of w and x.
15
Let t(r) = -r**3 - 5*r**2 - 6*r - 2. Let a be t(-7). Let z(i) = -109*i - 4354. Let c be z(-40). What is the greatest common divisor of c and a?
6
Let j = -3730 - -3853. What is the highest common divisor of j and 7?
1
Suppose 194943 + 2117601 = -303*p + 745*p. Calculate the greatest common factor of p and 384.
48
Suppose -d = -0 - 3. Suppose 0*p = p - 5*u - 23, -2*u = -5*p + 23. Suppose 66 = 2*m - d*a, -p*a + 8 = a. What is the highest common divisor of 12 and m?
12
Let c be (1 + 9)*51/850*20. Let d be -16*2*(-3)/2. Calculate the greatest common divisor of d and c.
12
Let w = 7253 + -2070. What is the greatest common divisor of w and 73?
73
Suppose -143*r = -316*r + 97053. Calculate the greatest common factor of 4301 and r.
187
Let f = 77001 + -76911. Let m = -33 + 57. Calculate the greatest common divisor of m and f.
6
Let n(y) = -138*y + 1568. Let c be n(10). Calculate the highest common divisor of c and 2726.
94
Let x = 1918 - 1210. Suppose z - 4*l + x = 5*z, -345 = -2*z - 5*l. Let q be 2/(16/24*(-3)/(-20)). Calculate the greatest common factor of z and q.
20
Let i(u) = 2*u**2 - 12*u - 370. Let y be i(-13). Calculate the highest common factor of 6 and y.
2
Let x(k) = 33*k - 93. Let p = -402 + 408. Let d be x(p). Calculate the greatest common factor of 60 and d.
15
Suppose -5394 = -4*d - 6*g + 9*g, 0 = 6*g + 36. Calculate the greatest common factor of 3392 and d.
64
Suppose -364*t + 67423 = -112*t - 42701. Suppose 55 = 3*h - 2. Calculate the highest common factor of t and h.
19
Let p(w) = w**2 - 47*w + 2. Let l be p(47). Let a be 3 + l - 8*(-7)/14. Suppose 4*i - 84 + 12 = 0. Calculate the greatest common factor of i and a.
9
Let r be -4 + 7 - (-7 + 5). Suppose r*n + 5*f - 315 = 0, 5*f = 3*n - 91 - 74. Calculate the highest common divisor of n and 150.
30
Let l(h) = -44*h + 506. Let f be l(11). Calculate the highest common divisor of f and 3014.
22
Let y = -4116 - -5538. What is the greatest common divisor of 36 and y?
1